t the prime factors of 5918.
2, 11, 269
List the prime factors of 24067.
41, 587
List the prime factors of 2170.
2, 5, 7, 31
What are the prime factors of 1305?
3, 5, 29
List the prime factors of 45012.
2, 3, 11, 31
List the prime factors of 2253.
3, 751
What are the prime factors of 14667?
3, 4889
What are the prime factors of 145?
5, 29
List the prime factors of 1136.
2, 71
List the prime factors of 5600.
2, 5, 7
List the prime factors of 14195.
5, 17, 167
What are the prime factors of 2089?
2089
What are the prime factors of 5166?
2, 3, 7, 41
What are the prime factors of 129374?
2, 7, 9241
What are the prime factors of 19973?
19973
What are the prime factors of 18723?
3, 79
List the prime factors of 9751.
7, 199
List the prime factors of 6189.
3, 2063
What are the prime factors of 539?
7, 11
List the prime factors of 1519.
7, 31
What are the prime factors of 40425?
3, 5, 7, 11
List the prime factors of 1610.
2, 5, 7, 23
List the prime factors of 2227.
17, 131
What are the prime factors of 5482?
2, 2741
What are the prime factors of 953?
953
List the prime factors of 25392.
2, 3, 23
What are the prime factors of 100590?
2, 3, 5, 7, 479
List the prime factors of 1327.
1327
List the prime factors of 2258.
2, 1129
List the prime factors of 66643.
66643
List the prime factors of 13643.
7, 1949
List the prime factors of 168.
2, 3, 7
What are the prime factors of 54935?
5, 10987
What are the prime factors of 2883?
3, 31
List the prime factors of 1661.
11, 151
List the prime factors of 1239.
3, 7, 59
What are the prime factors of 448?
2, 7
What are the prime factors of 1610?
2, 5, 7, 23
What are the prime factors of 2641?
19, 139
What are the prime factors of 8493?
3, 19, 149
What are the prime factors of 519?
3, 173
List the prime factors of 11048.
2, 1381
List the prime factors of 2278.
2, 17, 67
What are the prime factors of 5629?
13, 433
List the prime factors of 8168.
2, 1021
List the prime factors of 25521.
3, 47, 181
What are the prime factors of 1525?
5, 61
What are the prime factors of 984?
2, 3, 41
What are the prime factors of 2797?
2797
List the prime factors of 38284.
2, 17, 563
List the prime factors of 67087.
73, 919
List the prime factors of 36777.
3, 13, 23, 41
List the prime factors of 5749.
5749
What are the prime factors of 2877?
3, 7, 137
What are the prime factors of 4411?
11, 401
List the prime factors of 941.
941
What are the prime factors of 97426?
2, 7, 6959
What are the prime factors of 5643?
3, 11, 19
List the prime factors of 3980.
2, 5, 199
List the prime factors of 162.
2, 3
What are the prime factors of 11709?
3, 1301
What are the prime factors of 1770?
2, 3, 5, 59
What are the prime factors of 101660?
2, 5, 13, 17, 23
List the prime factors of 31380.
2, 3, 5, 523
What are the prime factors of 66046?
2, 33023
List the prime factors of 2375.
5, 19
List the prime factors of 1174.
2, 587
What are the prime factors of 704?
2, 11
List the prime factors of 6451.
6451
What are the prime factors of 15464?
2, 1933
List the prime factors of 75416.
2, 11, 857
List the prime factors of 16160.
2, 5, 101
What are the prime factors of 377?
13, 29
List the prime factors of 52457.
52457
List the prime factors of 424.
2, 53
What are the prime factors of 8796?
2, 3, 733
List the prime factors of 9428.
2, 2357
List the prime factors of 441.
3, 7
List the prime factors of 2520.
2, 3, 5, 7
What are the prime factors of 8980?
2, 5, 449
List the prime factors of 5190.
2, 3, 5, 173
What are the prime factors of 159342?
2, 3, 26557
List the prime factors of 2084.
2, 521
List the prime factors of 143882.
2, 71941
List the prime factors of 7220.
2, 5, 19
What are the prime factors of 571?
571
What are the prime factors of 1129?
1129
What are the prime factors of 7098?
2, 3, 7, 13
List the prime factors of 3708.
2, 3, 103
List the prime factors of 5996.
2, 1499
What are the prime factors of 11539?
11, 1049
List the prime factors of 3234.
2, 3, 7, 11
List the prime factors of 2894.
2, 1447
List the prime factors of 84865.
5, 11, 1543
What are the prime factors of 424?
2, 53
What are the prime factors of 54833?
54833
List the prime factors of 92309.
7, 13187
List the prime factors of 32628.
2, 3, 2719
List the prime factors of 2394.
2, 3, 7, 19
List the prime factors of 138758.
2, 69379
What are the prime factors of 74959?
74959
List the prime factors of 2225.
5, 89
What are the prime factors of 28696?
2, 17, 211
What are the prime factors of 608?
2, 19
What are the prime factors of 78133?
11, 7103
List the prime factors of 4134.
2, 3, 13, 53
What are the prime factors of 358?
2, 179
What are the prime factors of 4774?
2, 7, 11, 31
What are the prime factors of 688?
2, 43
What are the prime factors of 683?
683
List the prime factors of 27782.
2, 29, 479
List the prime factors of 14934.
2, 3, 19, 131
List the prime factors of 466.
2, 233
List the prime factors of 127890.
2, 3, 5, 7, 29
What are the prime factors of 241?
241
What are the prime factors of 86221?
151, 571
What are the prime factors of 1569?
3, 523
List the prime factors of 86.
2, 43
What are the prime factors of 123655?
5, 7, 3533
List the prime factors of 4280.
2, 5, 107
List the prime factors of 120228.
2, 3, 43, 233
What are the prime factors of 1126?
2, 563
What are the prime factors of 1467?
3, 163
List the prime factors of 37923.
3, 12641
List the prime factors of 5040.
2, 3, 5, 7
List the prime factors of 3884.
2, 971
List the prime factors of 13354.
2, 11, 607
List the prime factors of 3052.
2, 7, 109
List the prime factors of 1320.
2, 3, 5, 11
What are the prime factors of 1643?
31, 53
List the prime factors of 1742.
2, 13, 67
What are the prime factors of 213?
3, 71
What are the prime factors of 6317?
6317
What are the prime factors of 4764?
2, 3, 397
What are the prime factors of 15461?
15461
List the prime factors of 2795.
5, 13, 43
What are the prime factors of 631?
631
What are the prime factors of 138610?
2, 5, 83, 167
What are the prime factors of 6571?
6571
What are the prime factors of 1608?
2, 3, 67
List the prime factors of 4717.
53, 89
What are the prime factors of 23560?
2, 5, 19, 31
List the prime factors of 641.
641
What are the prime factors of 1026?
2, 3, 19
List the prime factors of 30988.
2, 61, 127
List the prime factors of 2603.
19, 137
What are the prime factors of 3931?
3931
List the prime factors of 627.
3, 11, 19
List the prime factors of 1592.
2, 199
What are the prime factors of 24163?
73, 331
What are the prime factors of 78?
2, 3, 13
List the prime factors of 17220.
2, 3, 5, 7, 41
What are the prime factors of 19150?
2, 5, 383
List the prime factors of 5280.
2, 3, 5, 11
List the prime factors of 36291.
3, 12097
What are the prime factors of 22860?
2, 3, 5, 127
What are the prime factors of 103243?
7, 43
What are the prime factors of 35928?
2, 3, 499
List the prime factors of 1386.
2, 3, 7, 11
What are the prime factors of 3161?
29, 109
What are the prime factors of 17898?
2, 3, 19, 157
What are the prime factors of 59290?
2, 5, 7, 11
What are the prime factors of 32295?
3, 5, 2153
What are the prime factors of 43221?
3, 14407
List the prime factors of 925.
5, 37
List the prime factors of 23304.
2, 3, 971
List the prime factors of 1972.
2, 17, 29
What are the prime factors of 1758?
2, 3, 293
List the prime factors of 1622.
2, 811
List the prime factors of 2299.
11, 19
List the prime factors of 14075.
5, 563
List the prime factors of 196438.
2, 11, 8929
List the prime factors of 1702.
2, 23, 37
What are the prime factors of 2788?
2, 17, 41
What are the prime factors of 2979?
3, 331
List the prime factors of 840.
2, 3, 5, 7
List the prime factors of 27974.
2, 71, 197
List the prime factors of 1421.
7, 29
List the prime factors of 9056.
2, 283
What are the prime factors of 228?
2, 3, 19
List the prime factors of 593.
593
List the prime factors of 1181.
1181
What are the prime factors of 11492?
2, 13, 17
What are the prime factors of 9428?
2, 2357
List the prime factors of 6960.
2, 3, 5, 29
List the prime factors of 24228.
2, 3, 673
What are the prime factors of 114?
2, 3, 19
What are the prime factors of 100951?
157, 643
List the prime factors of 2046.
2, 3, 11, 31
List the prime factors of 23110.
2, 5, 2311
What are the prime factors of 589?
19